s the hundreds digit of 10855?
8
What is the tens digit of 33358?
5
What is the units digit of 536?
6
What is the ten thousands digit of 13066?
1
What is the tens digit of 80884?
8
What is the hundreds digit of 326?
3
What is the ten thousands digit of 11583?
1
What is the ten thousands digit of 19453?
1
What is the tens digit of 4636?
3
What is the units digit of 10746?
6
What is the units digit of 937?
7
What is the thousands digit of 64813?
4
What is the tens digit of 33?
3
What is the tens digit of 788?
8
What is the tens digit of 27129?
2
What is the tens digit of 46262?
6
What is the units digit of 292?
2
What is the ten thousands digit of 30477?
3
What is the hundred thousands digit of 135305?
1
What is the hundreds digit of 613?
6
What is the thousands digit of 8677?
8
What is the ten thousands digit of 49139?
4
What is the units digit of 2555?
5
What is the units digit of 90858?
8
What is the hundreds digit of 27155?
1
What is the tens digit of 8960?
6
What is the thousands digit of 42470?
2
What is the hundreds digit of 396?
3
What is the thousands digit of 19201?
9
What is the tens digit of 19417?
1
What is the hundreds digit of 1114?
1
What is the units digit of 1521?
1
What is the hundreds digit of 20417?
4
What is the thousands digit of 80377?
0
What is the hundreds digit of 6942?
9
What is the hundreds digit of 44938?
9
What is the hundreds digit of 982?
9
What is the hundreds digit of 1163?
1
What is the hundreds digit of 947?
9
What is the units digit of 4857?
7
What is the thousands digit of 2974?
2
What is the hundreds digit of 49049?
0
What is the hundreds digit of 50951?
9
What is the tens digit of 13607?
0
What is the tens digit of 15451?
5
What is the thousands digit of 2002?
2
What is the ten thousands digit of 87516?
8
What is the thousands digit of 1502?
1
What is the units digit of 2533?
3
What is the thousands digit of 8168?
8
What is the ten thousands digit of 62474?
6
What is the tens digit of 107864?
6
What is the tens digit of 4016?
1
What is the ten thousands digit of 106420?
0
What is the hundreds digit of 10614?
6
What is the units digit of 3379?
9
What is the tens digit of 508?
0
What is the thousands digit of 4050?
4
What is the thousands digit of 37397?
7
What is the tens digit of 721?
2
What is the thousands digit of 7187?
7
What is the units digit of 73471?
1
What is the hundreds digit of 22936?
9
What is the units digit of 71537?
7
What is the hundreds digit of 1414?
4
What is the ten thousands digit of 41281?
4
What is the units digit of 1699?
9
What is the hundreds digit of 2696?
6
What is the ten thousands digit of 17680?
1
What is the ten thousands digit of 11243?
1
What is the tens digit of 916?
1
What is the hundreds digit of 12518?
5
What is the tens digit of 1188?
8
What is the hundreds digit of 822?
8
What is the ten thousands digit of 29558?
2
What is the units digit of 40189?
9
What is the tens digit of 5947?
4
What is the units digit of 21419?
9
What is the units digit of 513?
3
What is the tens digit of 3170?
7
What is the tens digit of 867?
6
What is the ten thousands digit of 68010?
6
What is the thousands digit of 5705?
5
What is the units digit of 2262?
2
What is the hundreds digit of 3112?
1
What is the tens digit of 497?
9
What is the hundreds digit of 6228?
2
What is the units digit of 1858?
8
What is the units digit of 1439?
9
What is the hundreds digit of 21955?
9
What is the tens digit of 4091?
9
What is the hundreds digit of 154?
1
What is the thousands digit of 2000?
2
What is the tens digit of 127360?
6
What is the units digit of 3730?
0
What is the thousands digit of 75551?
5
What is the hundreds digit of 285?
2
What is the units digit of 63484?
4
What is the thousands digit of 14045?
4
What is the hundreds digit of 10469?
4
What is the tens digit of 93?
9
What is the hundreds digit of 856?
8
What is the thousands digit of 16910?
6
What is the units digit of 54456?
6
What is the tens digit of 9065?
6
What is the units digit of 173?
3
What is the ten thousands digit of 94726?
9
What is the hundreds digit of 1134?
1
What is the tens digit of 1868?
6
What is the hundreds digit of 4229?
2
What is the thousands digit of 15655?
5
What is the units digit of 16585?
5
What is the tens digit of 217?
1
What is the units digit of 11920?
0
What is the tens digit of 636?
3
What is the units digit of 2406?
6
What is the tens digit of 1570?
7
What is the thousands digit of 2407?
2
What is the units digit of 26676?
6
What is the ten thousands digit of 30725?
3
What is the hundreds digit of 357?
3
What is the hundreds digit of 15523?
5
What is the tens digit of 2102?
0
What is the tens digit of 20817?
1
What is the tens digit of 6916?
1
What is the units digit of 20013?
3
What is the units digit of 4054?
4
What is the units digit of 22905?
5
What is the tens digit of 1784?
8
What is the thousands digit of 5395?
5
What is the units digit of 4165?
5
What is the units digit of 6870?
0
What is the units digit of 2318?
8
What is the hundreds digit of 2951?
9
What is the hundreds digit of 14981?
9
What is the units digit of 2317?
7
What is the tens digit of 2045?
4
What is the hundreds digit of 22197?
1
What is the tens digit of 2503?
0
What is the units digit of 137051?
1
What is the units digit of 18434?
4
What is the hundreds digit of 60151?
1
What is the hundreds digit of 4850?
8
What is the hundreds digit of 518?
5
What is the tens digit of 64224?
2
What is the tens digit of 544?
4
What is the units digit of 3869?
9
What is the hundreds digit of 3695?
6
What is the thousands digit of 2990?
2
What is the hundreds digit of 5869?
8
What is the tens digit of 60183?
8
What is the hundreds digit of 106097?
0
What is the tens digit of 1929?
2
What is the hundreds digit of 11068?
0
What is the tens digit of 3183?
8
What is the hundreds digit of 1510?
5
What is the tens digit of 4644?
4
What is the tens digit of 61816?
1
What is the units digit of 15136?
6
What is the hundreds digit of 2083?
0
What is the thousands digit of 12133?
2
What is the tens digit of 1110?
1
What is the tens digit of 28561?
6
What is the thousands digit of 3667?
3
What is the tens digit of 93273?
7
What is the thousands digit of 4209?
4
What is the hundreds digit of 4610?
6
What is the thousands digit of 18530?
8
What is the units digit of 3245?
5
What is the hundreds digit of 579?
5
What is the tens digit of 771?
7
What is the thousands digit of 7226?
7
What is the tens digit of 1813?
1
What is the hundreds digit of 636?
6
What is the units digit of 248?
8
What is the tens digit of 2497?
9
What is the hundreds digit of 9924?
9
What is the hundreds digit of 12822?
8
What is the hundreds digit of 163464?
4
What is the tens digit of 14340?
4
What is the hundreds digit of 163827?
8
What is the tens digit of 519?
1
What is the ten thousands digit of 69416?
6
What is the units digit of 658?
8
What is the hundreds digit of 753?
7
What is the tens digit of 9461?
6
What is the hundreds digit of 264?
2
What is the thousands digit of 55665?
5
What is the ten thousands digit of 14298?
1
What is the thousands digit of 36074?
6
What is the units digit of 505?
5
What is the ten thousands digit of 20808?
2
What is the ten thousands digit of 166339?
6
What is the units digit of 21040?
0
What is the thousands digit of 113947?
3
What is the units digit of 29242?
2
What is the units digit of 1779?
9
What is the tens digit of 12139?
3
What is the units digit of 11449?
9
What is the tens digit of 25446?
4
What is the tens digit of 17057?
5
What is the hundreds digit of 15220?
2
What is the units digit of 53861?
1
What is the thousands digit of 5569?
5
What is the units digit of 149645?
5
What is the units digit of 652?
2
What is the units digit of 1218?
8
What is the tens digit of 151?
5
What is the thousands digit of 97061?
7
What is the tens digit of 2673?
7
What is the hundreds digit of 2348?
3
What is the hundreds digit of 2742?
7
What is the hundreds digit of 37366?
3
What is the units digit of 9556?
6
What is the thousands digit of 26989?
6
What is the hundreds digit of 9068?
0
What is the ten thousands digit of 14111?
1
What is the units digit of 25489?
9
What is the tens digit of 1091?
9
What is the thousands digit of 49971?
9
What is th